5345535?
5
What is the thousands digit of 486616225?
6
What is the ten millions digit of 175586578?
7
What is the ten thousands digit of 3588888061?
8
What is the tens digit of 1079074091?
9
What is the billions digit of 2956095412?
2
What is the hundreds digit of 3993827431?
4
What is the hundred thousands digit of 951040424?
0
What is the hundred thousands digit of 390298528?
2
What is the ten millions digit of 1273588267?
7
What is the hundred millions digit of 667409550?
6
What is the hundreds digit of 1727645494?
4
What is the tens digit of 2600983702?
0
What is the units digit of 3475542?
2
What is the thousands digit of 53171857?
1
What is the tens digit of 4205445663?
6
What is the tens digit of 81283050?
5
What is the units digit of 160565754?
4
What is the units digit of 2036642197?
7
What is the units digit of 109866927?
7
What is the thousands digit of 1136553?
6
What is the units digit of 57688410?
0
What is the units digit of 2708551927?
7
What is the millions digit of 109648335?
9
What is the ten millions digit of 328286875?
2
What is the tens digit of 4493598?
9
What is the hundreds digit of 77427336?
3
What is the thousands digit of 119922107?
2
What is the hundreds digit of 128810118?
1
What is the hundred thousands digit of 77484954?
4
What is the hundred millions digit of 212376733?
2
What is the thousands digit of 82067064?
7
What is the hundreds digit of 66562999?
9
What is the ten thousands digit of 3355436066?
3
What is the thousands digit of 3339340245?
0
What is the thousands digit of 927919256?
9
What is the units digit of 7324054373?
3
What is the hundreds digit of 53000542?
5
What is the thousands digit of 2390267?
0
What is the ten thousands digit of 10691099?
9
What is the hundred thousands digit of 182077147?
0
What is the hundreds digit of 1261770750?
7
What is the hundreds digit of 1177673359?
3
What is the ten thousands digit of 867998557?
9
What is the hundred thousands digit of 501636566?
6
What is the hundred thousands digit of 608557081?
5
What is the hundreds digit of 25550667?
6
What is the hundred millions digit of 1086080254?
0
What is the units digit of 2781818644?
4
What is the tens digit of 14678108?
0
What is the tens digit of 294932177?
7
What is the units digit of 2120512236?
6
What is the ten millions digit of 326560726?
2
What is the millions digit of 337387105?
7
What is the thousands digit of 2655965208?
5
What is the billions digit of 3441389338?
3
What is the tens digit of 382854444?
4
What is the units digit of 234891623?
3
What is the ten thousands digit of 2333849?
3
What is the hundred millions digit of 7152149902?
1
What is the hundred thousands digit of 58353508?
3
What is the hundreds digit of 178227856?
8
What is the ten millions digit of 609255011?
0
What is the ten thousands digit of 2816200583?
0
What is the tens digit of 72952694?
9
What is the ten millions digit of 706238776?
0
What is the tens digit of 109634795?
9
What is the hundreds digit of 3668860865?
8
What is the units digit of 636913240?
0
What is the tens digit of 353383312?
1
What is the hundred thousands digit of 6506960?
5
What is the hundreds digit of 12981964?
9
What is the units digit of 1340508150?
0
What is the tens digit of 175371827?
2
What is the hundreds digit of 1045068724?
7
What is the hundred thousands digit of 1318071677?
0
What is the billions digit of 1425598184?
1
What is the hundreds digit of 177778014?
0
What is the thousands digit of 10831424?
1
What is the tens digit of 1240159701?
0
What is the hundred thousands digit of 106797644?
7
What is the tens digit of 702314384?
8
What is the thousands digit of 45626248?
6
What is the ten thousands digit of 2570562?
7
What is the units digit of 476696039?
9
What is the tens digit of 92669232?
3
What is the thousands digit of 456455437?
5
What is the hundred thousands digit of 218239932?
2
What is the tens digit of 223562705?
0
What is the units digit of 1287895631?
1
What is the thousands digit of 58287713?
7
What is the ten millions digit of 19076298?
1
What is the tens digit of 1569628601?
0
What is the thousands digit of 1181592091?
2
What is the ten millions digit of 45821255?
4
What is the millions digit of 8839016?
8
What is the hundred thousands digit of 647519573?
5
What is the millions digit of 3509238422?
9
What is the units digit of 16501152?
2
What is the hundreds digit of 964553535?
5
What is the tens digit of 1290381467?
6
What is the hundred thousands digit of 91111143?
1
What is the thousands digit of 589389866?
9
What is the tens digit of 240763951?
5
What is the hundreds digit of 120402000?
0
What is the ten thousands digit of 3315213442?
1
What is the hundred thousands digit of 3084419212?
4
What is the thousands digit of 3708094199?
4
What is the hundred thousands digit of 1213509646?
5
What is the hundred millions digit of 231767296?
2
What is the billions digit of 1209599989?
1
What is the hundred thousands digit of 1323204332?
2
What is the hundred millions digit of 1850476157?
8
What is the hundred thousands digit of 38109585?
1
What is the hundreds digit of 282975403?
4
What is the hundred thousands digit of 180070904?
0
What is the tens digit of 27872900?
0
What is the millions digit of 643546547?
3
What is the hundreds digit of 113551933?
9
What is the tens digit of 437303445?
4
What is the ten millions digit of 295846767?
9
What is the thousands digit of 16912922?
2
What is the millions digit of 753183552?
3
What is the hundreds digit of 3714469562?
5
What is the hundreds digit of 1165314867?
8
What is the millions digit of 704026853?
4
What is the hundred millions digit of 1912725421?
9
What is the thousands digit of 65617481?
7
What is the ten millions digit of 4500748442?
0
What is the hundred thousands digit of 613594469?
5
What is the thousands digit of 4750038550?
8
What is the tens digit of 1640802993?
9
What is the ten thousands digit of 3351719088?
1
What is the tens digit of 262501178?
7
What is the hundred thousands digit of 19166894?
1
What is the thousands digit of 4128453454?
3
What is the thousands digit of 646721619?
1
What is the units digit of 155941963?
3
What is the ten millions digit of 5941567609?
4
What is the hundred thousands digit of 357212535?
2
What is the hundred millions digit of 1242779098?
2
What is the units digit of 995595363?
3
What is the millions digit of 447295114?
7
What is the thousands digit of 147796881?
6
What is the units digit of 1260936491?
1
What is the tens digit of 70677890?
9
What is the billions digit of 1297671515?
1
What is the thousands digit of 30011733?
1
What is the hundreds digit of 3849356?
3
What is the tens digit of 4062309145?
4
What is the millions digit of 1454169098?
4
What is the billions digit of 2263728102?
2
What is the units digit of 50424885?
5
What is the ten millions digit of 592483755?
9
What is the ten millions digit of 633766935?
3
What is the hundred thousands digit of 1894812308?
8
What is the millions digit of 1754007536?
4
What is the millions digit of 4398410118?
8
What is the units digit of 177889149?
9
What is the units digit of 4362958822?
2
What is the hundred thousands digit of 1929620144?
6
What is the thousands digit of 155612472?
2
What is the hundred millions digit of 908684700?
9
What is the ten thousands digit of 2146553711?
5
What is the hundred thousands digit of 172563777?
5
What is the units digit of 179168208?
8
What is the thousands digit of 425632091?
2
What is the ten millions digit of 6786964343?
8
What is the millions digit of 405541026?
5
What is the hundreds digit of 4910476301?
3
What is the ten millions digit of 291473871?
9
What is the millions digit of 1260056367?
0
What is the tens digit of 352187318?
1
What is the ten thousands digit of 19447302?
4
What is the ten thousands digit of 52493820?
9
What is the ten millions digit of 3010597732?
1
What is the hundred thousands digit of 4676203038?
2
What is the hundred millions digit of 3906480657?
9
What is the millions digit of 1590938954?
0
What is the millions digit of 269999982?
9
What is the ten thousands digit of 228604919?
0
What is the ten millions digit of 159614584?
5
What is the hundred millions digit of 446011016?
4
What is the hundreds digit of 73382428